s 1363703 composite?
True
Is 35197 prime?
False
Is 110017 a composite number?
False
Is 22421 prime?
False
Is 221269 a composite number?
True
Is 11549 prime?
True
Is 1693 a composite number?
False
Is 1278287 composite?
False
Is 579923 composite?
True
Is 234313 a composite number?
True
Is 17657 a composite number?
False
Is 64919 prime?
True
Is 2779 a composite number?
True
Is 21787 composite?
False
Is 219421 a composite number?
True
Is 257573 prime?
False
Is 3943 composite?
False
Is 254461 a prime number?
True
Is 32711 prime?
False
Is 5941 a composite number?
True
Is 881149 composite?
True
Is 18013 prime?
True
Is 2452649 prime?
True
Is 2595847 composite?
True
Is 62627 a prime number?
True
Is 156109 prime?
True
Is 301303 prime?
True
Is 106109 a prime number?
True
Is 7671 composite?
True
Is 233439 prime?
False
Is 717841 a composite number?
False
Is 3547 a composite number?
False
Is 347801 prime?
True
Is 158303 a composite number?
False
Is 568877 composite?
False
Is 5699 prime?
False
Is 14519 a composite number?
False
Is 61241 composite?
True
Is 23459 prime?
True
Is 1551365 a composite number?
True
Is 1651 composite?
True
Is 20477 prime?
True
Is 14285 composite?
True
Is 5847 composite?
True
Is 5174771 a prime number?
False
Is 17957 a composite number?
False
Is 50831 prime?
False
Is 61727 composite?
True
Is 133739 composite?
True
Is 1215334 a prime number?
False
Is 48073 a composite number?
False
Is 13093 a composite number?
False
Is 594667 a composite number?
False
Is 94291 a prime number?
True
Is 18129 prime?
False
Is 1018669 prime?
True
Is 7789 composite?
False
Is 7058221 prime?
True
Is 538709 a prime number?
True
Is 41159 a composite number?
True
Is 124105 composite?
True
Is 23783 a prime number?
False
Is 43783 a composite number?
False
Is 2019 composite?
True
Is 74521 prime?
True
Is 1628149 composite?
False
Is 8923 composite?
False
Is 188891 prime?
True
Is 215051 composite?
False
Is 11359 prime?
False
Is 226511 prime?
True
Is 14519 prime?
True
Is 13901 a composite number?
False
Is 400691 composite?
True
Is 768253 prime?
False
Is 18299 prime?
False
Is 64939 a composite number?
True
Is 10511 composite?
True
Is 13391 a prime number?
False
Is 691213 a composite number?
True
Is 28349 composite?
False
Is 7435 prime?
False
Is 1249 a composite number?
False
Is 173243 a prime number?
False
Is 61301 a prime number?
False
Is 59863 a composite number?
False
Is 40163 composite?
False
Is 2393 a composite number?
False
Is 251151 composite?
True
Is 4201 composite?
False
Is 8542 a prime number?
False
Is 40063 a composite number?
False
Is 9637 prime?
False
Is 2315 composite?
True
Is 70423 a prime number?
True
Is 344881 a composite number?
True
Is 45211 a composite number?
True
Is 1206433 prime?
True
Is 766271 a composite number?
True
Is 21143 composite?
False
Is 239509 composite?
False
Is 5471 prime?
True
Is 16183 composite?
False
Is 1364953 a prime number?
True
Is 613133 a composite number?
True
Is 900397 a prime number?
True
Is 1105653 a composite number?
True
Is 129949 composite?
True
Is 3947 composite?
False
Is 26797 a prime number?
False
Is 46223 composite?
True
Is 3755 prime?
False
Is 5563 a prime number?
True
Is 7069 prime?
True
Is 234127 prime?
False
Is 2667149 a composite number?
True
Is 6583 a prime number?
False
Is 8609 prime?
True
Is 12661 a composite number?
True
Is 1061 a prime number?
True
Is 4873 composite?
True
Is 1027643 a prime number?
True
Is 1931 prime?
True
Is 40231 a prime number?
True
Is 1883 composite?
True
Is 137069 composite?
True
Is 2249 a composite number?
True
Is 95309 composite?
True
Is 1110199 prime?
False
Is 166691 a prime number?
False
Is 10357 a prime number?
True
Is 321883 composite?
True
Is 258517 a prime number?
False
Is 289093 a prime number?
False
Is 167 a composite number?
False
Is 518345 a composite number?
True
Is 7057 prime?
True
Is 70607 composite?
False
Is 208367 composite?
False
Is 25097 prime?
True
Is 661285 composite?
True
Is 4571 prime?
False
Is 6313 prime?
False
Is 13829 composite?
False
Is 33899 a composite number?
True
Is 157819 a prime number?
False
Is 24749 a composite number?
False
Is 164809 prime?
True
Is 37939 prime?
False
Is 103387 a prime number?
True
Is 133309 prime?
False
Is 486833 composite?
False
Is 4987 a prime number?
True
Is 233021 a composite number?
False
Is 169593 prime?
False
Is 83047 prime?
True
Is 398171 a prime number?
True
Is 18787 composite?
False
Is 23354 a composite number?
True
Is 54701 a prime number?
False
Is 114269 prime?
True
Is 422419 prime?
False
Is 259523 a composite number?
True
Is 1221749 prime?
True
Is 427213 a prime number?
True
Is 10913 a prime number?
False
Is 48407 prime?
True
Is 12817 prime?
False
Is 48931 composite?
True
Is 4377 composite?
True
Is 38089 composite?
True
Is 1171 prime?
True
Is 9131 a prime number?
False
Is 34234 a prime number?
False
Is 9079 a prime number?
False
Is 44351 prime?
True
Is 9413 a prime number?
True
Is 10097 a prime number?
False
Is 16457 composite?
True
Is 293 composite?
False
Is 2321 a composite number?
True
Is 176723 prime?
False
Is 24499 composite?
False
Is 31379 a prime number?
True
Is 96053 composite?
False
Is 1829221 composite?
False
Is 1014983 a prime number?
False
Is 43151 prime?
True
Is 25399 a prime number?
False
Is 1087501 a composite number?
True
Is 619363 a composite number?
False
Is 111029 a composite number?
False
Is 650887 a prime number?
False
Is 73271 a prime number?
False
Is 44939 prime?
True
Is 7717 prime?
True
Is 31499 prime?
False
Is 1381 a prime number?
True
Is 8857 a prime number?
False
Is 5779 prime?
True
Is 512419 composite?
False
Is 255157 a composite number?
True
Is 31687 a prime number?
True
Is 670907 prime?
False
Is 402119 composite?
True
Is 9627 a composite number?
True
Is 32663 prime?
False
Is 34321 prime?
False
Is 18539 a composite number?
False
Is 7103 composite?
False
Is 402881 prime?
True
Is 1145431 prime?
False
Is 22343 a composite number?
False
Is 1126571 a composite number?
True
Is 1879897 a prime number?
True
Is 139985 composite?
True
Is 194151 a composite number?
True
Is 703 a prime number?
False
Is 61477 prime?
False
Is 642673 a composite number?
False
Is 35251 a composite number?
False
Is 1523 prime?
True
Is 404941 a prime number?
True
Is 22553 a composite number?
True
Is 24611 a composite number?
False
Is 11002 a prime number?
False
Is 106319 composite?
False
Is 1897 prime?
False
Is 133174 composite?
True
Is 1931 composite?
False
Is 65867 prime?
True
Is 444778 composite?
True
Is 76931 prime?
False
Is 327401 composite?
False
Is 259603 composite?
False
Is 162359 a prime number?
True
Is 56617 a prime number?
False
Is 2605 a prime number?
False
Is 158161 a prime number?
True
Is 18617 composite?
False
Is 9873205 a prime number?
False
Is 163919 a composite number?
True
Is 426661 prime?
True
Is 94137 a composite number?
True
Is 471 a prime number?
False
Is 386455 composite?
True
Is 2873453 a composite number?
True
Is 5603 prime?
False
Is 102829 a prime number?
True
Is 976433 composite?
True
Is 2447 a prime number?
True
Is 1780847 a prime number?
False
Is 1345 a composite number?
True
Is 9439 composite?
False
Is 4009 a prime number?
False
Is 19949 prime?
True
Is 3397 a prime number?
False
Is 529411 a prime number?
True
Is 3967 prime?
True
Is 923073 prime?
False
Is 31121 a composite number?
False
Is 18647 a prime number?
False
Is 10411 a prime number?
False
Is 12379 prime?
True
Is 125507 composite?
False
Is 357023 a composite number?
True
Is 2207 a composite number?
False
Is 28019 composite?
False
Is 768751 composite?
False
Is 2503 a composite number?
False
Is 1424117 a composite number?
True
Is 79 a prime number?
True
Is 7207 composite?
False
Is 171007 composite?
False
Is 13739 a prime number?
False
Is 82403 composite?
True
Is 2229271 a prime number?
False
Is 24754 a composite number?
True
Is 34399 a prime number?
False
Is 570169 composite?
True
Is 2051935 prime?
False
Is 189223 a prime number?
True
Is 1838 prime?
False
Is 7863 prime?
False
Is 111577 a prime number?
True
Is 33377 a composite number?
False
Is 31345 a prime number?
False
Is 762427 composite?
True
Is 169829 a prime number?
False
Is 7603 a prime number?
True
Is 3137 composite?
False
Is 578947 a prime number?
False
Is 889 a prime number?
